{"id":83,"date":"2015-01-07T21:33:32","date_gmt":"2015-01-07T20:33:32","guid":{"rendered":"http:\/\/riline-couture.fr\/?page_id=83"},"modified":"2026-01-01T23:34:26","modified_gmt":"2026-01-01T22:34:26","slug":"contact","status":"publish","type":"page","link":"https:\/\/riline-couture.fr\/?page_id=83","title":{"rendered":"Contact"},"content":{"rendered":"<p>Vous pouvez me joindre:<\/p>\n<ul style=\"text-align: justify;\">\n<li>par t\u00e9l\u00e9phone au 06.89.14.98.01<\/li>\n<li>par mail en \u00e9crivant \u00e0 contact@riline-couture.fr<\/li>\n<li>suivez-moi sur Instagram<\/li>\n<\/ul>\n<p>Mon atelier est install\u00e9 au Riveyral, 51 route de R\u00e9almont \u00e0 ALBAN (81250). Je peux d\u00e9sormais vous recevoir <span style=\"color: #ff0000;\"><strong>uniquement sur rendez-vous<\/strong><\/span> dans un atelier enti\u00e8rement restaur\u00e9 en 2025.<\/p>\n<p>SIRET: 48180646100044<\/p>\n","protected":false},"excerpt":{"rendered":"<p>Vous pouvez me joindre: par t\u00e9l\u00e9phone au 06.89.14.98.01 par mail en \u00e9crivant \u00e0 contact@riline-couture.fr suivez-moi sur Instagram Mon atelier est install\u00e9 au Riveyral, 51 route de R\u00e9almont \u00e0 ALBAN (81250). Je peux d\u00e9sormais vous recevoir uniquement sur rendez-vous dans un atelier enti\u00e8rement restaur\u00e9 en 2025. SIRET: 48180646100044<\/p>\n","protected":false},"author":1,"featured_media":4,"parent":0,"menu_order":0,"comment_status":"closed","ping_status":"closed","template":"","meta":{"footnotes":""},"class_list":["post-83","page","type-page","status-publish","has-post-thumbnail","czr-hentry"],"_links":{"self":[{"href":"https:\/\/riline-couture.fr\/index.php?rest_route=\/wp\/v2\/pages\/83","targetHints":{"allow":["GET"]}}],"collection":[{"href":"https:\/\/riline-couture.fr\/index.php?rest_route=\/wp\/v2\/pages"}],"about":[{"href":"https:\/\/riline-couture.fr\/index.php?rest_route=\/wp\/v2\/types\/page"}],"author":[{"embeddable":true,"href":"https:\/\/riline-couture.fr\/index.php?rest_route=\/wp\/v2\/users\/1"}],"replies":[{"embeddable":true,"href":"https:\/\/riline-couture.fr\/index.php?rest_route=%2Fwp%2Fv2%2Fcomments&post=83"}],"version-history":[{"count":12,"href":"https:\/\/riline-couture.fr\/index.php?rest_route=\/wp\/v2\/pages\/83\/revisions"}],"predecessor-version":[{"id":908,"href":"https:\/\/riline-couture.fr\/index.php?rest_route=\/wp\/v2\/pages\/83\/revisions\/908"}],"wp:featuredmedia":[{"embeddable":true,"href":"https:\/\/riline-couture.fr\/index.php?rest_route=\/wp\/v2\/media\/4"}],"wp:attachment":[{"href":"https:\/\/riline-couture.fr\/index.php?rest_route=%2Fwp%2Fv2%2Fmedia&parent=83"}],"curies":[{"name":"wp","href":"https:\/\/api.w.org\/{rel}","templated":true}]}}